{"id":1504,"date":"2011-05-27T08:51:26","date_gmt":"2011-05-27T11:51:26","guid":{"rendered":"http:\/\/www.butokukaisa.com.br\/"},"modified":"2011-05-27T08:51:26","modified_gmt":"2011-05-27T11:51:26","slug":"o-karate-esportivo","status":"publish","type":"page","link":"https:\/\/butokukaisa.com.br\/site\/o-karate-esportivo\/","title":{"rendered":"KARATE ESPORTIVO"},"content":{"rendered":"<p style=\"text-align: justify\"><strong>Nos \u00faltimos            anos, foram formuladas regras de combate simulado para se  evitar ferimentos            graves, com o prop\u00f3sito de introduzir o karate como um esporte             competitivo. O karate de torneio \u00e9 um jogo de reflexos que  exige            &#8220;timing&#8221;, velocidade, t\u00e9cnica, estrat\u00e9gia, camaradagem            e controle, onde prevalecem HONRA, LEALDADE e SENSO DE  COMPROMISSO. <\/strong><\/p>\n<p style=\"text-align: justify\"><strong>Durante  os torneios,            todos os golpes, embora fortemente focalizados, devem ser  controlados            precisamente antes do contato. Embora seja muito excitante de  assistir,            o torneio de karate \u00e9 considerado, pela maioria dos mestres,            como um degrau e n\u00e3o como o objetivo principal no  desenvolvimento            do karateka.<\/strong><\/p>\n<p style=\"text-align: justify\"><strong>Nos  anos 50,            as universidades no Jap\u00e3o come\u00e7aram a promover competi\u00e7\u00f5es            de karate. O 1\u00ba Campeonato Mundial de Karate foi realizado em  1970            em T\u00f3quio, Jap\u00e3o, com a participa\u00e7\u00e3o de            33 pa\u00edses e, desde ent\u00e3o, cada campeonato mundial tem            sido promovido de dois em dois anos. Em 2002, o 16\u00ba Campeonato             Mundial realizado em Madri\/Espanha teve a participa\u00e7\u00e3o            de 84 paises.<\/strong><\/p>\n<p style=\"text-align: justify\"><strong>O  karate tem            se espalhado rapidamente, n\u00e3o apenas entre as gera\u00e7\u00f5es            mais novas como um esporte para melhorar a for\u00e7a, mas tem se            tornado um meio popular de exerc\u00edcio para homens e mulheres de             meia-idade para manter a forma. Um n\u00famero crescente de  academias            de karate tem aberto e mantido turmas para crian\u00e7as.<\/strong><\/p>\n<p style=\"text-align: center\"><em><strong>ORGANIZA\u00c7\u00c3O            DO KARATE MUNDIAL<\/strong><\/em><\/p>\n<p style=\"text-align: justify\"><strong>Devido a  popularidade            global do karate como esporte, a forma\u00e7\u00e3o de uma federa\u00e7\u00e3o            internacional de karate tornou-se necess\u00e1ria. Em 1970, a Uni\u00e3o             Mundial das Organiza\u00e7\u00f5es de Karate (WUKO) foi criada.            Desde ent\u00e3o, todos os esfor\u00e7os t\u00eam sido feitos para            incluir o karate nos Jogos Ol\u00edmpicos \u2013 o maior s\u00edmbolo            das realiza\u00e7\u00f5es do homem no campo desportivo. No dia 06            de junho de 1985, a WUKO foi oficialmente reconhecida pelo  Comit\u00ea            Ol\u00edmpico Internacional (COI). Em 1993, na Arg\u00e9lia, para            adaptar-se \u00e0s regras do Comit\u00ea Ol\u00edmpico Internacional,            a Federation Mondiale de Karate (FMK), tamb\u00e9m conhecida como            World Karate Federation (WKF), absorveu a antiga WUKO, fato  este que            trouxe um desenvolvimento direcionado \u00e0 promo\u00e7\u00e3o            do karate mundial. No dia 18 de Mar\u00e7o de 1999 o COI em sua  109\u00ba            sess\u00e3o (Seul) confirmou o reconhecimento em car\u00e1ter definitivo             da FMK\/WKF, de acordo com o artigo 29 da carta Ol\u00edmpica, como            a federa\u00e7\u00e3o mundial dirigente da modalidade karate.<\/strong><\/p>\n<p style=\"text-align: justify\"><strong>Al\u00e9m da             inten\u00e7\u00e3o de incluir o karate nos Jogos Ol\u00edmpicos,            o objetivo da WKF \u00e9 de unificar todas as organiza\u00e7\u00f5es            que pratiquem karate, como esporte ou como uma arte  tradicional, al\u00e9m            de lutar tamb\u00e9m para promover liga\u00e7\u00f5es dentro de            um esp\u00edrito de amizade entre os karatecas do mundo. A WKF  representa            o karate mundial e coordena todas as atividades de karate ao  redor do            mundo, estabelece regras t\u00e9cnicas e operacionais, organiza e            controla reuni\u00f5es internacionais e toma as decis\u00f5es sobre            v\u00e1rios assuntos que possam surgir entre os membros.<br \/>\n<\/strong><\/p>\n<p style=\"text-align: center\"><em><strong>ORGANIZA\u00c7\u00c3O            DO KARATE NO BRASIL<\/strong><\/em><\/p>\n<p style=\"text-align: justify\"><strong>No  Brasil a Entidade            Nacional de Administra\u00e7\u00e3o da modalidade karate \u00e9            a Confedera\u00e7\u00e3o Brasileira de Karat\u00ea (CBK) (representante            de 26 Federa\u00e7\u00f5es estaduais), que est\u00e1 filiada a            WKF e vinculada ao Comit\u00ea Ol\u00edmpico Brasileiro (COB), al\u00e9m            de reconhecida atrav\u00e9s da Portaria n\u00ba 551 do Minist\u00e9rio            da Educa\u00e7\u00e3o (10\/11\/1987), como entidade de dire\u00e7\u00e3o            nacional da modalidade, com compet\u00eancia na \u00e1rea do desporto            de sua pr\u00f3pria denomina\u00e7\u00e3o. <\/strong><\/p>\n","protected":false},"excerpt":{"rendered":"<p>Nos \u00faltimos anos, foram formuladas regras de combate simulado para se evitar ferimentos graves, com o prop\u00f3sito de introduzir o karate como um esporte competitivo. O karate de torneio \u00e9 um jogo de reflexos que exige &#8220;timing&#8221;, velocidade, t\u00e9cnica, estrat\u00e9gia, camaradagem e controle, onde prevalecem HONRA, LEALDADE e SENSO DE COMPROMISSO. Durante os torneios, todos [&hellip;]<\/p>\n","protected":false},"author":1,"featured_media":0,"parent":0,"menu_order":1,"comment_status":"closed","ping_status":"closed","template":"","meta":{"_blockly_fonts_attr":"","footnotes":""},"class_list":["post-1504","page","type-page","status-publish","hentry"],"_links":{"self":[{"href":"https:\/\/butokukaisa.com.br\/site\/wp-json\/wp\/v2\/pages\/1504","targetHints":{"allow":["GET"]}}],"collection":[{"href":"https:\/\/butokukaisa.com.br\/site\/wp-json\/wp\/v2\/pages"}],"about":[{"href":"https:\/\/butokukaisa.com.br\/site\/wp-json\/wp\/v2\/types\/page"}],"author":[{"embeddable":true,"href":"https:\/\/butokukaisa.com.br\/site\/wp-json\/wp\/v2\/users\/1"}],"replies":[{"embeddable":true,"href":"https:\/\/butokukaisa.com.br\/site\/wp-json\/wp\/v2\/comments?post=1504"}],"version-history":[{"count":0,"href":"https:\/\/butokukaisa.com.br\/site\/wp-json\/wp\/v2\/pages\/1504\/revisions"}],"wp:attachment":[{"href":"https:\/\/butokukaisa.com.br\/site\/wp-json\/wp\/v2\/media?parent=1504"}],"curies":[{"name":"wp","href":"https:\/\/api.w.org\/{rel}","templated":true}]}}